2, 3, 96847
What are the prime factors of 1469533?
13, 113041
What are the prime factors of 6209780?
2, 5, 310489
What are the prime factors of 990593?
990593
What are the prime factors of 3734454?
2, 3, 167, 3727
What are the prime factors of 238633?
127, 1879
List the prime factors of 7197678.
2, 3, 399871
What are the prime factors of 1200662?
2, 47, 53, 241
List the prime factors of 18913561.
18913561
What are the prime factors of 1537109?
7, 219587
List the prime factors of 4958025.
3, 5, 66107
List the prime factors of 11370680.
2, 5, 284267
What are the prime factors of 246737?
137, 1801
List the prime factors of 3444157.
569, 6053
List the prime factors of 953554.
2, 7, 68111
What are the prime factors of 1793461?
61, 29401
What are the prime factors of 21130?
2, 5, 2113
What are the prime factors of 2020645?
5, 11, 36739
What are the prime factors of 1745882?
2, 37, 23593
What are the prime factors of 238316?
2, 13, 4583
List the prime factors of 3031241.
19, 159539
What are the prime factors of 4769922?
2, 3, 71, 11197
What are the prime factors of 2961900?
2, 3, 5, 1097
What are the prime factors of 6158845?
5, 7, 11, 17, 941
List the prime factors of 138788.
2, 13, 17, 157
List the prime factors of 1428258.
2, 3, 13, 18311
What are the prime factors of 4769905?
5, 7, 19469
List the prime factors of 130065.
3, 5, 13, 23, 29
What are the prime factors of 7814181?
3, 23, 269, 421
List the prime factors of 944521.
944521
List the prime factors of 624405.
3, 5, 41627
What are the prime factors of 38875167?
3, 29, 131, 379
What are the prime factors of 29881137?
3, 11, 13, 69653
List the prime factors of 300944.
2, 7, 2687
What are the prime factors of 8788189?
29, 67, 4523
What are the prime factors of 19084478?
2, 7, 461, 2957
List the prime factors of 6781884.
2, 3, 149, 3793
List the prime factors of 14227638.
2, 3, 53, 44741
What are the prime factors of 177700?
2, 5, 1777
What are the prime factors of 142535?
5, 29, 983
What are the prime factors of 14909?
17, 877
What are the prime factors of 2504540?
2, 5, 97, 1291
What are the prime factors of 1599311?
7, 127, 257
What are the prime factors of 738130?
2, 5, 223, 331
List the prime factors of 14401587.
3, 283, 16963
What are the prime factors of 167144?
2, 17, 1229
What are the prime factors of 640759?
7, 239, 383
What are the prime factors of 1561215?
3, 5, 29, 37, 97
List the prime factors of 71539.
13, 5503
List the prime factors of 152037.
3, 1877
List the prime factors of 534356.
2, 19, 79, 89
List the prime factors of 573416.
2, 229, 313
What are the prime factors of 1193600?
2, 5, 373
What are the prime factors of 128947?
7, 13, 109
What are the prime factors of 14081801?
157, 257, 349
What are the prime factors of 588478?
2, 11, 23, 1163
List the prime factors of 108067.
53, 2039
What are the prime factors of 340639?
13, 26203
What are the prime factors of 205916?
2, 51479
What are the prime factors of 88277?
7, 12611
What are the prime factors of 488366?
2, 61, 4003
What are the prime factors of 998023?
13, 76771
What are the prime factors of 98833?
7, 2017
What are the prime factors of 42003?
3, 13, 359
List the prime factors of 1397231.
11, 37, 3433
List the prime factors of 607245.
3, 5, 40483
List the prime factors of 27308.
2, 6827
List the prime factors of 12524379.
3, 7, 596399
List the prime factors of 503291.
19, 26489
List the prime factors of 1041706.
2, 520853
What are the prime factors of 2225772?
2, 3, 37, 557
What are the prime factors of 97022?
2, 139, 349
List the prime factors of 865161.
3, 11, 971
What are the prime factors of 400635?
3, 5, 29, 307
List the prime factors of 5075.
5, 7, 29
List the prime factors of 1399762.
2, 7, 13, 7691
What are the prime factors of 1292626?
2, 71, 9103
List the prime factors of 2462485.
5, 31, 15887
List the prime factors of 4601666.
2, 2300833
What are the prime factors of 1472720?
2, 5, 41, 449
List the prime factors of 587798.
2, 293899
What are the prime factors of 15936?
2, 3, 83
List the prime factors of 254497.
157, 1621
What are the prime factors of 115935?
3, 5, 59, 131
What are the prime factors of 300556?
2, 29, 2591
What are the prime factors of 3780423?
3, 420047
List the prime factors of 12270069.
3, 7, 64921
List the prime factors of 27309.
3, 9103
List the prime factors of 189404.
2, 47351
What are the prime factors of 23762616?
2, 3, 19, 31, 41
What are the prime factors of 6963958?
2, 3481979
What are the prime factors of 111569?
31, 59, 61
List the prime factors of 15130512.
2, 3, 179, 587
List the prime factors of 8959259.
23, 389533
What are the prime factors of 1538657?
1538657
List the prime factors of 7981156.
2, 1995289
What are the prime factors of 809872?
2, 7, 1033
List the prime factors of 256188.
2, 3, 37, 577
List the prime factors of 3964210.
2, 5, 59, 6719
List the prime factors of 3066912.
2, 3, 23, 463
List the prime factors of 25205.
5, 71
What are the prime factors of 2234201?
31, 97, 743
What are the prime factors of 190948?
2, 47737
What are the prime factors of 5690940?
2, 3, 5, 94849
What are the prime factors of 5381122?
2, 73, 36857
What are the prime factors of 3017647?
127, 23761
List the prime factors of 24263630.
2, 5, 2426363
What are the prime factors of 55036?
2, 13759
List the prime factors of 10385414.
2, 13, 399439
List the prime factors of 291304.
2, 13, 2801
What are the prime factors of 19265722?
2, 7, 73, 2693
List the prime factors of 1474070.
2, 5, 13, 17, 23, 29
What are the prime factors of 11067758?
2, 13, 167, 2549
List the prime factors of 3832218.
2, 3, 13, 53, 103
List the prime factors of 424747.
383, 1109
List the prime factors of 3698417.
3698417
What are the prime factors of 3147195?
3, 5, 209813
List the prime factors of 517509.
3, 6389
What are the prime factors of 15485229?
3, 573527
What are the prime factors of 1438805?
5, 83, 3467
List the prime factors of 419817.
3, 139939
What are the prime factors of 478256?
2, 71, 421
List the prime factors of 7856.
2, 491
What are the prime factors of 1193743?
1193743
What are the prime factors of 1068053?
7, 71, 307
What are the prime factors of 322273?
7, 6577
List the prime factors of 477029.
7, 68147
List the prime factors of 63941.
43, 1487
What are the prime factors of 7356547?
11, 223, 2999
List the prime factors of 1390788.
2, 3, 7, 5519
List the prime factors of 23801.
23801
What are the prime factors of 244832?
2, 7, 1093
What are the prime factors of 9261504?
2, 3, 7, 2297
What are the prime factors of 1870299?
3, 207811
What are the prime factors of 16660?
2, 5, 7, 17
List the prime factors of 838397.
7, 119771
List the prime factors of 3711546.
2, 3, 206197
List the prime factors of 41805.
3, 5, 929
List the prime factors of 143045.
5, 7, 61, 67
What are the prime factors of 6998532?
2, 3, 23, 25357
List the prime factors of 4528528.
2, 17, 16649
List the prime factors of 15505649.
17, 307, 2971
What are the prime factors of 112888?
2, 103, 137
What are the prime factors of 553017?
3, 337, 547
What are the prime factors of 163836?
2, 3, 37, 41
List the prime factors of 51888.
2, 3, 23, 47
What are the prime factors of 24645391?
2153, 11447
What are the prime factors of 151189?
151189
What are the prime factors of 1266404?
2, 73, 4337
What are the prime factors of 4763664?
2, 3, 11027
List the prime factors of 4081470.
2, 3, 5, 37, 3677
What are the prime factors of 110559?
3, 137, 269
What are the prime factors of 6590457?
3, 244091
List the prime factors of 8681120.
2, 5, 7, 23, 337
List the prime factors of 1419911.
1419911
List the prime factors of 22608199.
3221, 7019
What are the prime factors of 94143?
3, 7, 4483
What are the prime factors of 637537?
23, 53, 523
List the prime factors of 168437.
389, 433
List the prime factors of 94968.
2, 3, 1319
What are the prime factors of 5424984?
2, 3, 75347
List the prime factors of 2992297.
7, 11, 38861
What are the prime factors of 9092648?
2, 937, 1213
What are the prime factors of 5471496?
2, 3, 73, 347
What are the prime factors of 26341768?
2, 509, 6469
List the prime factors of 6005443.
6005443
What are the prime factors of 3327330?
2, 3, 5, 197, 563
List the prime factors of 7956038.
2, 601, 6619
What are the prime factors of 325762